 435474?
234
What is the greatest common factor of 24899 and 266?
7
Calculate the greatest common divisor of 1150 and 1549510.
230
Calculate the greatest common divisor of 6156 and 7200.
36
Calculate the greatest common divisor of 3017 and 63.
7
Calculate the greatest common factor of 97487 and 39.
13
What is the greatest common divisor of 24910 and 255210?
470
What is the greatest common factor of 4617 and 153?
9
Calculate the highest common factor of 13002 and 3234.
66
Calculate the highest common factor of 6195 and 1785.
105
What is the greatest common factor of 546 and 2768493?
273
Calculate the greatest common factor of 7344 and 81.
27
What is the greatest common factor of 68401 and 73?
73
Calculate the greatest common divisor of 3780 and 35100.
540
Calculate the greatest common divisor of 380 and 4788.
76
Calculate the greatest common factor of 5677 and 371.
7
Calculate the greatest common factor of 114180 and 3300.
660
What is the greatest common factor of 1204 and 308?
28
Calculate the highest common factor of 11561 and 55.
11
What is the highest common divisor of 5225 and 664525?
475
Calculate the greatest common divisor of 1108300 and 100.
100
What is the greatest common divisor of 4155008 and 286?
286
Calculate the highest common factor of 4473 and 68481.
63
Calculate the highest common divisor of 114 and 19266.
114
Calculate the greatest common factor of 148 and 4886368.
148
What is the highest common divisor of 4 and 22786?
2
Calculate the greatest common divisor of 47027 and 185.
37
Calculate the highest common divisor of 1740 and 259296.
12
What is the highest common factor of 241377 and 183?
183
Calculate the highest common factor of 534 and 7387.
89
What is the greatest common factor of 24975 and 33075?
675
What is the greatest common factor of 48 and 34736?
16
Calculate the greatest common divisor of 300 and 908175.
75
Calculate the highest common divisor of 770 and 2595670.
770
Calculate the greatest common factor of 2768 and 117121.
173
Calculate the greatest common divisor of 3963066 and 3.
3
Calculate the greatest common factor of 117554 and 212.
106
Calculate the highest common divisor of 741653 and 16808.
2101
Calculate the greatest common divisor of 3235 and 687761.
647
Calculate the highest common divisor of 80 and 24496.
16
What is the greatest common divisor of 329 and 28529?
47
Calculate the highest common factor of 25 and 15121875.
25
Calculate the highest common divisor of 4678125 and 998.
499
What is the greatest common divisor of 24 and 127014?
6
What is the greatest common factor of 145236 and 6972?
84
Calculate the highest common factor of 887190 and 12.
6
Calculate the greatest common factor of 230 and 1966086.
46
Calculate the highest common factor of 1575 and 14000.
175
What is the greatest common divisor of 460 and 29992?
92
What is the highest common factor of 78755 and 95?
95
What is the highest common factor of 3456 and 30592?
128
Calculate the highest common divisor of 29244 and 48.
12
What is the greatest common divisor of 228384 and 72?
72
What is the highest common factor of 2464 and 86471?
77
Calculate the highest common factor of 3017 and 264203.
431
Calculate the highest common factor of 339066 and 189.
189
What is the highest common factor of 2471 and 112?
7
What is the greatest common divisor of 66768 and 535?
107
Calculate the highest common divisor of 15872 and 1116.
124
What is the highest common divisor of 532 and 728?
28
What is the greatest common divisor of 1683 and 2006?
17
Calculate the highest common factor of 7040 and 220.
220
What is the greatest common divisor of 60800 and 500?
100
What is the greatest common divisor of 7410 and 18240?
570
What is the highest common divisor of 109570 and 40?
10
What is the greatest common divisor of 4427 and 1622146?
233
What is the greatest common factor of 153178 and 25346?
1102
What is the highest common factor of 8880 and 52725?
555
Calculate the highest common divisor of 1820893 and 2435.
487
What is the greatest common divisor of 700 and 3475?
25
Calculate the greatest common factor of 52664 and 4756.
116
What is the greatest common divisor of 4922 and 460?
46
What is the highest common factor of 20 and 18604?
4
What is the highest common factor of 119271 and 249?
249
Calculate the highest common divisor of 2 and 26984.
2
Calculate the greatest common divisor of 20 and 1528190.
10
What is the highest common factor of 345093 and 21?
21
Calculate the highest common divisor of 3240 and 1012.
4
Calculate the greatest common factor of 670 and 530.
10
Calculate the greatest common divisor of 2288 and 486928.
208
Calculate the highest common factor of 50699 and 22.
11
Calculate the highest common divisor of 75 and 2271.
3
Calculate the greatest common factor of 17880 and 1380.
60
Calculate the highest common divisor of 2508 and 18084.
132
Calculate the highest common factor of 580584 and 6120.
408
What is the greatest common factor of 1020 and 3117885?
255
What is the highest common divisor of 141113 and 399?
133
What is the greatest common factor of 4140 and 1558020?
1380
What is the greatest common factor of 100275 and 3325?
175
What is the greatest common factor of 700 and 195895?
35
What is the greatest common factor of 621 and 147?
3
Calculate the highest common divisor of 1425 and 39.
3
Calculate the greatest common factor of 1274 and 37336.
26
What is the greatest common factor of 57 and 5932959?
57
Calculate the greatest common factor of 784 and 56399.
49
Calculate the highest common factor of 6006 and 1518.
66
What is the greatest common divisor of 115 and 6252665?
115
Calculate the greatest common divisor of 3604008 and 48.
24
What is the highest common factor of 415452 and 1068?
1068
What is the highest common divisor of 490 and 1710?
10
What is the highest common divisor of 4906 and 2288?
22
Calculate the highest common divisor of 767 and 10686.
13
Calculate the greatest common factor of 1046176 and 32.
32
What is the highest common divisor of 731 and 8127?
43
What is the highest common divisor of 60 and 926960?
20
What is the greatest common factor of 990 and 33570?
90
Calculate the greatest common factor of 238 and 3349.
17
What is the highest common divisor of 12160 and 589?
19
Calculate the greatest common divisor of 3 and 168261.
3
Calculate the greatest common divisor of 392148 and 36.
36
Calculate the highest common factor of 410656 and 3280.
656
Calculate the highest common factor of 96646 and 1408.
22
What is the greatest common factor of 1490 and 2237086?
298
What is the highest common divisor of 602 and 977304?
86
What is the highest common divisor of 368054 and 1956?
326
What is the highest common factor of 255060 and 218?
218
What is the greatest common factor of 25239 and 3243?
141
What is the highest common divisor of 6061 and 5423?
319
Calculate the highest common factor of 7515 and 420.
15
What is the greatest common factor of 610 and 602070?
610
Calculate the highest common factor of 3521 and 30683.
503
What is the greatest common divisor of 104 and 17797?
13
What is the highest common factor of 1426 and 60?
2
What is the highest common divisor of 16967 and 1444?
361
What is the highest common divisor of 18336 and 128?
32
Calculate the greatest common factor of 333288 and 216.
216
Calculate the greatest common divisor of 150 and 118600.
50
What is the greatest common divisor of 5750 and 1000?
250
Calculate the greatest common factor of 1056 and 174324.
12
What is the highest common factor of 1705659 and 1527?
1527
What is the highest common divisor of 70 and 7574?
14
Calculate the greatest common factor of 360905 and 10469.
551
What is the greatest common factor of 40557 and 924?
33
What is the highest common divisor of 56110 and 2790?
310
What is the highest common divisor of 1819211 and 41?
41
Calculate the greatest common divisor of 3454 and 694411.
157
Calculate the greatest common factor of 889 and 126.
7
What is the highest common factor of 105252 and 24843?
147
What is the greatest common factor of 42 and 1107897?
21
What is the highest common factor of 26653 and 11?
11
Calculate the highest common factor of 696 and 38640.
24
Calculate the greatest common factor of 8316 and 1380.
12
What is the highest comm